{"id":1510,"date":"2025-11-06T18:58:11","date_gmt":"2025-11-06T18:58:11","guid":{"rendered":"https:\/\/boutiquefleursdelys.ca\/?page_id=1510"},"modified":"2025-11-06T19:59:12","modified_gmt":"2025-11-06T19:59:12","slug":"corbeille","status":"publish","type":"page","link":"https:\/\/boutiquefleursdelys.ca\/?page_id=1510","title":{"rendered":"Corbeille"},"content":{"rendered":"\n<div class=\"wp-block-columns is-layout-flex wp-container-core-columns-is-layout-9d6595d7 wp-block-columns-is-layout-flex\">\n<div class=\"wp-block-column is-layout-flow wp-block-column-is-layout-flow\">\n<div class=\"wp-block-media-text is-stacked-on-mobile is-vertically-aligned-top\"><figure class=\"wp-block-media-text__media\"><img loading=\"lazy\" decoding=\"async\" width=\"1024\" height=\"576\" src=\"https:\/\/boutiquefleursdelys.ca\/wp-content\/uploads\/2024\/01\/20231125_084036-1024x576.jpg\" alt=\"fleuriste en ligne\" class=\"wp-image-949 size-full\" srcset=\"https:\/\/boutiquefleursdelys.ca\/wp-content\/uploads\/2024\/01\/20231125_084036-1024x576.jpg 1024w, https:\/\/boutiquefleursdelys.ca\/wp-content\/uploads\/2024\/01\/20231125_084036-300x169.jpg 300w, https:\/\/boutiquefleursdelys.ca\/wp-content\/uploads\/2024\/01\/20231125_084036-768x432.jpg 768w, https:\/\/boutiquefleursdelys.ca\/wp-content\/uploads\/2024\/01\/20231125_084036-1536x864.jpg 1536w, https:\/\/boutiquefleursdelys.ca\/wp-content\/uploads\/2024\/01\/20231125_084036-2048x1152.jpg 2048w, https:\/\/boutiquefleursdelys.ca\/wp-content\/uploads\/2024\/01\/20231125_084036-600x338.jpg 600w\" sizes=\"auto, (max-width: 1024px) 100vw, 1024px\" \/><\/figure><div class=\"wp-block-media-text__content\">\n<h2 class=\"wp-block-heading\" style=\"font-size:35px\">Bouquet 5<\/h2>\n\n\n\n<p class=\"has-small-font-size\">200.00 $<\/p>\n\n\n\n<p>Corbeille de fleurs pour fun\u00e9railles compos\u00e9e de callas, roses, dendros.<\/p>\n<\/div><\/div>\n<\/div>\n\n\n\n<div class=\"wp-block-column is-layout-flow wp-block-column-is-layout-flow\">\n<div class=\"wp-block-media-text is-stacked-on-mobile is-vertically-aligned-top\"><figure class=\"wp-block-media-text__media\"><img loading=\"lazy\" decoding=\"async\" width=\"753\" height=\"1024\" src=\"https:\/\/boutiquefleursdelys.ca\/wp-content\/uploads\/2016\/07\/20230325_100401-scaled-e1730746679642-753x1024.jpg\" alt=\"livraison de fleurs\" class=\"wp-image-978 size-full\" srcset=\"https:\/\/boutiquefleursdelys.ca\/wp-content\/uploads\/2016\/07\/20230325_100401-scaled-e1730746679642-753x1024.jpg 753w, https:\/\/boutiquefleursdelys.ca\/wp-content\/uploads\/2016\/07\/20230325_100401-scaled-e1730746679642-221x300.jpg 221w, https:\/\/boutiquefleursdelys.ca\/wp-content\/uploads\/2016\/07\/20230325_100401-scaled-e1730746679642-768x1044.jpg 768w, https:\/\/boutiquefleursdelys.ca\/wp-content\/uploads\/2016\/07\/20230325_100401-scaled-e1730746679642-1130x1536.jpg 1130w, https:\/\/boutiquefleursdelys.ca\/wp-content\/uploads\/2016\/07\/20230325_100401-scaled-e1730746679642-600x816.jpg 600w, https:\/\/boutiquefleursdelys.ca\/wp-content\/uploads\/2016\/07\/20230325_100401-scaled-e1730746679642.jpg 1440w\" sizes=\"auto, (max-width: 753px) 100vw, 753px\" \/><\/figure><div class=\"wp-block-media-text__content\">\n<h2 class=\"wp-block-heading\" style=\"font-size:35px\">Bouquet 3<\/h2>\n\n\n\n<p class=\"has-small-font-size\">165.00 $<\/p>\n\n\n\n<p>Corbeille de fleurs pour fun\u00e9railles compos\u00e9e de lys, callas, roses, hydrang\u00e9e, alstrom\u00e9rias.<\/p>\n<\/div><\/div>\n<\/div>\n<\/div>\n\n\n\n<div class=\"wp-block-columns is-layout-flex wp-container-core-columns-is-layout-9d6595d7 wp-block-columns-is-layout-flex\">\n<div class=\"wp-block-column is-layout-flow wp-block-column-is-layout-flow\">\n<div class=\"wp-block-media-text is-stacked-on-mobile is-vertically-aligned-top\"><figure class=\"wp-block-media-text__media\"><img loading=\"lazy\" decoding=\"async\" width=\"806\" height=\"1024\" src=\"https:\/\/boutiquefleursdelys.ca\/wp-content\/uploads\/2024\/04\/20221008_075048-scaled-e1730745536660-806x1024.jpg\" alt=\"Commande de fleurs\" class=\"wp-image-987 size-full\" srcset=\"https:\/\/boutiquefleursdelys.ca\/wp-content\/uploads\/2024\/04\/20221008_075048-scaled-e1730745536660-806x1024.jpg 806w, https:\/\/boutiquefleursdelys.ca\/wp-content\/uploads\/2024\/04\/20221008_075048-scaled-e1730745536660-236x300.jpg 236w, https:\/\/boutiquefleursdelys.ca\/wp-content\/uploads\/2024\/04\/20221008_075048-scaled-e1730745536660-768x976.jpg 768w, https:\/\/boutiquefleursdelys.ca\/wp-content\/uploads\/2024\/04\/20221008_075048-scaled-e1730745536660-1209x1536.jpg 1209w, https:\/\/boutiquefleursdelys.ca\/wp-content\/uploads\/2024\/04\/20221008_075048-scaled-e1730745536660-600x763.jpg 600w, https:\/\/boutiquefleursdelys.ca\/wp-content\/uploads\/2024\/04\/20221008_075048-scaled-e1730745536660.jpg 1440w\" sizes=\"auto, (max-width: 806px) 100vw, 806px\" \/><\/figure><div class=\"wp-block-media-text__content\">\n<h2 class=\"wp-block-heading\" style=\"font-size:35px\">Bouquet 7<\/h2>\n\n\n\n<p class=\"has-small-font-size\">120.00 $<\/p>\n\n\n\n<p>Corbeille de fleurs pour fun\u00e9railles compos\u00e9e de \u0153illets.<\/p>\n<\/div><\/div>\n<\/div>\n\n\n\n<div class=\"wp-block-column is-layout-flow wp-block-column-is-layout-flow\">\n<div class=\"wp-block-media-text is-stacked-on-mobile is-vertically-aligned-top\"><figure class=\"wp-block-media-text__media\"><img loading=\"lazy\" decoding=\"async\" width=\"939\" height=\"1024\" src=\"https:\/\/boutiquefleursdelys.ca\/wp-content\/uploads\/2024\/04\/20221015_084058-scaled-e1730744873699-939x1024.jpg\" alt=\"fleuriste en ligne\" class=\"wp-image-993 size-full\" srcset=\"https:\/\/boutiquefleursdelys.ca\/wp-content\/uploads\/2024\/04\/20221015_084058-scaled-e1730744873699-939x1024.jpg 939w, https:\/\/boutiquefleursdelys.ca\/wp-content\/uploads\/2024\/04\/20221015_084058-scaled-e1730744873699-275x300.jpg 275w, https:\/\/boutiquefleursdelys.ca\/wp-content\/uploads\/2024\/04\/20221015_084058-scaled-e1730744873699-768x837.jpg 768w, https:\/\/boutiquefleursdelys.ca\/wp-content\/uploads\/2024\/04\/20221015_084058-scaled-e1730744873699-1409x1536.jpg 1409w, https:\/\/boutiquefleursdelys.ca\/wp-content\/uploads\/2024\/04\/20221015_084058-scaled-e1730744873699-600x654.jpg 600w, https:\/\/boutiquefleursdelys.ca\/wp-content\/uploads\/2024\/04\/20221015_084058-scaled-e1730744873699.jpg 1440w\" sizes=\"auto, (max-width: 939px) 100vw, 939px\" \/><\/figure><div class=\"wp-block-media-text__content\">\n<h2 class=\"wp-block-heading\" style=\"font-size:35px\">Bouquet 10<\/h2>\n\n\n\n<p class=\"has-small-font-size\">95.00 $<\/p>\n\n\n\n<p>Corbeille de fleurs en vase compos\u00e9e de lys blancs.<\/p>\n<\/div><\/div>\n<\/div>\n<\/div>\n\n\n\n<div class=\"wp-block-columns is-layout-flex wp-container-core-columns-is-layout-9d6595d7 wp-block-columns-is-layout-flex\">\n<div class=\"wp-block-column is-layout-flow wp-block-column-is-layout-flow\">\n<div class=\"wp-block-media-text is-stacked-on-mobile is-vertically-aligned-top\"><figure class=\"wp-block-media-text__media\"><img loading=\"lazy\" decoding=\"async\" width=\"704\" height=\"1024\" src=\"https:\/\/boutiquefleursdelys.ca\/wp-content\/uploads\/2024\/04\/20230211_081956-scaled-e1730741203409-704x1024.jpg\" alt=\"livraison de fleurs\" class=\"wp-image-1011 size-full\" srcset=\"https:\/\/boutiquefleursdelys.ca\/wp-content\/uploads\/2024\/04\/20230211_081956-scaled-e1730741203409-704x1024.jpg 704w, https:\/\/boutiquefleursdelys.ca\/wp-content\/uploads\/2024\/04\/20230211_081956-scaled-e1730741203409-206x300.jpg 206w, https:\/\/boutiquefleursdelys.ca\/wp-content\/uploads\/2024\/04\/20230211_081956-scaled-e1730741203409-768x1117.jpg 768w, https:\/\/boutiquefleursdelys.ca\/wp-content\/uploads\/2024\/04\/20230211_081956-scaled-e1730741203409-1056x1536.jpg 1056w, https:\/\/boutiquefleursdelys.ca\/wp-content\/uploads\/2024\/04\/20230211_081956-scaled-e1730741203409-1408x2048.jpg 1408w, https:\/\/boutiquefleursdelys.ca\/wp-content\/uploads\/2024\/04\/20230211_081956-scaled-e1730741203409-600x873.jpg 600w, https:\/\/boutiquefleursdelys.ca\/wp-content\/uploads\/2024\/04\/20230211_081956-scaled-e1730741203409.jpg 1440w\" sizes=\"auto, (max-width: 704px) 100vw, 704px\" \/><\/figure><div class=\"wp-block-media-text__content\">\n<h2 class=\"wp-block-heading\" style=\"font-size:35px\">Bouquet 18<\/h2>\n\n\n\n<p class=\"has-small-font-size\">110.00 $<\/p>\n\n\n\n<p>Corbeille de fleurs pour fun\u00e9railles compos\u00e9e de gerberas, oiseaux du paradis, fujis, alstrom\u00e9rias.<\/p>\n<\/div><\/div>\n<\/div>\n\n\n\n<div class=\"wp-block-column is-layout-flow wp-block-column-is-layout-flow\">\n<div class=\"wp-block-media-text is-stacked-on-mobile is-vertically-aligned-top\"><figure class=\"wp-block-media-text__media\"><img loading=\"lazy\" decoding=\"async\" width=\"884\" height=\"1024\" src=\"https:\/\/boutiquefleursdelys.ca\/wp-content\/uploads\/2024\/04\/20230220_101703-scaled-e1730739124455-884x1024.jpg\" alt=\"bouquet de fleurs\" class=\"wp-image-1019 size-full\" srcset=\"https:\/\/boutiquefleursdelys.ca\/wp-content\/uploads\/2024\/04\/20230220_101703-scaled-e1730739124455-884x1024.jpg 884w, https:\/\/boutiquefleursdelys.ca\/wp-content\/uploads\/2024\/04\/20230220_101703-scaled-e1730739124455-259x300.jpg 259w, https:\/\/boutiquefleursdelys.ca\/wp-content\/uploads\/2024\/04\/20230220_101703-scaled-e1730739124455-768x890.jpg 768w, https:\/\/boutiquefleursdelys.ca\/wp-content\/uploads\/2024\/04\/20230220_101703-scaled-e1730739124455-1326x1536.jpg 1326w, https:\/\/boutiquefleursdelys.ca\/wp-content\/uploads\/2024\/04\/20230220_101703-scaled-e1730739124455-600x695.jpg 600w, https:\/\/boutiquefleursdelys.ca\/wp-content\/uploads\/2024\/04\/20230220_101703-scaled-e1730739124455.jpg 1440w\" sizes=\"auto, (max-width: 884px) 100vw, 884px\" \/><\/figure><div class=\"wp-block-media-text__content\">\n<h2 class=\"wp-block-heading\" style=\"font-size:35px\">Bouquet 22<\/h2>\n\n\n\n<p class=\"has-small-font-size\">175.00 $<\/p>\n\n\n\n<p>Corbeille de fleurs pour fun\u00e9railles compos\u00e9e de lys et de roses dans des tons de rose.<\/p>\n<\/div><\/div>\n<\/div>\n<\/div>\n\n\n\n<div class=\"wp-block-columns is-layout-flex wp-container-core-columns-is-layout-9d6595d7 wp-block-columns-is-layout-flex\">\n<div class=\"wp-block-column is-layout-flow wp-block-column-is-layout-flow\">\n<div class=\"wp-block-media-text is-stacked-on-mobile is-vertically-aligned-top\"><figure class=\"wp-block-media-text__media\"><img loading=\"lazy\" decoding=\"async\" width=\"1024\" height=\"998\" src=\"https:\/\/boutiquefleursdelys.ca\/wp-content\/uploads\/2024\/04\/20230325_100401-scaled-e1730139912878-1024x998.jpg\" alt=\"Fleurs pour d\u00e9c\u00e8s\" class=\"wp-image-1029 size-full\" srcset=\"https:\/\/boutiquefleursdelys.ca\/wp-content\/uploads\/2024\/04\/20230325_100401-scaled-e1730139912878-1024x998.jpg 1024w, https:\/\/boutiquefleursdelys.ca\/wp-content\/uploads\/2024\/04\/20230325_100401-scaled-e1730139912878-300x292.jpg 300w, https:\/\/boutiquefleursdelys.ca\/wp-content\/uploads\/2024\/04\/20230325_100401-scaled-e1730139912878-768x748.jpg 768w, https:\/\/boutiquefleursdelys.ca\/wp-content\/uploads\/2024\/04\/20230325_100401-scaled-e1730139912878-600x585.jpg 600w, https:\/\/boutiquefleursdelys.ca\/wp-content\/uploads\/2024\/04\/20230325_100401-scaled-e1730139912878.jpg 1440w\" sizes=\"auto, (max-width: 1024px) 100vw, 1024px\" \/><\/figure><div class=\"wp-block-media-text__content\">\n<h2 class=\"wp-block-heading\" style=\"font-size:35px\">Bouquet 27<\/h2>\n\n\n\n<p class=\"has-small-font-size\">165.00 $<\/p>\n\n\n\n<p>Corbeille de fleurs pour fun\u00e9railles compos\u00e9e de callas, roses, alstrom\u00e9rias, marguerites, hydrang\u00e9e dans des tons de blanc, jaune et orang\u00e9.<\/p>\n<\/div><\/div>\n<\/div>\n\n\n\n<div class=\"wp-block-column is-layout-flow wp-block-column-is-layout-flow\">\n<div class=\"wp-block-media-text is-stacked-on-mobile is-vertically-aligned-top\"><figure class=\"wp-block-media-text__media\"><img loading=\"lazy\" decoding=\"async\" width=\"658\" height=\"1024\" src=\"https:\/\/boutiquefleursdelys.ca\/wp-content\/uploads\/2024\/04\/20230422_084741-scaled-e1730307273911-658x1024.jpg\" alt=\"bouquet de fleurs\" class=\"wp-image-1048 size-full\" srcset=\"https:\/\/boutiquefleursdelys.ca\/wp-content\/uploads\/2024\/04\/20230422_084741-scaled-e1730307273911-658x1024.jpg 658w, https:\/\/boutiquefleursdelys.ca\/wp-content\/uploads\/2024\/04\/20230422_084741-scaled-e1730307273911-193x300.jpg 193w, https:\/\/boutiquefleursdelys.ca\/wp-content\/uploads\/2024\/04\/20230422_084741-scaled-e1730307273911-768x1195.jpg 768w, https:\/\/boutiquefleursdelys.ca\/wp-content\/uploads\/2024\/04\/20230422_084741-scaled-e1730307273911-987x1536.jpg 987w, https:\/\/boutiquefleursdelys.ca\/wp-content\/uploads\/2024\/04\/20230422_084741-scaled-e1730307273911-1317x2048.jpg 1317w, https:\/\/boutiquefleursdelys.ca\/wp-content\/uploads\/2024\/04\/20230422_084741-scaled-e1730307273911-600x933.jpg 600w, https:\/\/boutiquefleursdelys.ca\/wp-content\/uploads\/2024\/04\/20230422_084741-scaled-e1730307273911.jpg 1440w\" sizes=\"auto, (max-width: 658px) 100vw, 658px\" \/><\/figure><div class=\"wp-block-media-text__content\">\n<h2 class=\"wp-block-heading\" style=\"font-size:35px\">Bouquet 36<\/h2>\n\n\n\n<p class=\"has-small-font-size\">200.00 $<\/p>\n\n\n\n<p>Corbeilles fun\u00e9raire compos\u00e9e de lys, callas, hydrang\u00e9e, roses, alstrom\u00e9rias dans des tons de roses et blancs.<\/p>\n<\/div><\/div>\n<\/div>\n<\/div>\n","protected":false},"excerpt":{"rendered":"<p>Bouquet 5 200.00 $ Corbeille de fleurs pour fun\u00e9railles compos\u00e9e de callas, roses, dendros. Bouquet 3 165.00 $ Corbeille de fleurs pour fun\u00e9railles compos\u00e9e de lys, callas, roses, hydrang\u00e9e, alstrom\u00e9rias. Bouquet 7 120.00 $ Corbeille de fleurs pour fun\u00e9railles compos\u00e9e de \u0153illets. Bouquet 10 95.00 $ Corbeille de fleurs en vase compos\u00e9e de lys blancs. [&hellip;]<\/p>\n","protected":false},"author":990006,"featured_media":0,"parent":0,"menu_order":0,"comment_status":"closed","ping_status":"closed","template":"","meta":{"footnotes":""},"class_list":["post-1510","page","type-page","status-publish","hentry"],"yoast_head":"<!-- This site is optimized with the Yoast SEO plugin v26.4 - https:\/\/yoast.com\/wordpress\/plugins\/seo\/ -->\n<title>Corbeille - Fleurs de Lys<\/title>\n<meta name=\"robots\" content=\"index, follow, max-snippet:-1, max-image-preview:large, max-video-preview:-1\" \/>\n<link rel=\"canonical\" href=\"https:\/\/boutiquefleursdelys.ca\/?page_id=1510\" \/>\n<meta property=\"og:locale\" content=\"fr_CA\" \/>\n<meta property=\"og:type\" content=\"article\" \/>\n<meta property=\"og:title\" content=\"Corbeille - Fleurs de Lys\" \/>\n<meta property=\"og:description\" content=\"Bouquet 5 200.00 $ Corbeille de fleurs pour fun\u00e9railles compos\u00e9e de callas, roses, dendros. Bouquet 3 165.00 $ Corbeille de fleurs pour fun\u00e9railles compos\u00e9e de lys, callas, roses, hydrang\u00e9e, alstrom\u00e9rias. Bouquet 7 120.00 $ Corbeille de fleurs pour fun\u00e9railles compos\u00e9e de \u0153illets. Bouquet 10 95.00 $ Corbeille de fleurs en vase compos\u00e9e de lys blancs. [&hellip;]\" \/>\n<meta property=\"og:url\" content=\"https:\/\/boutiquefleursdelys.ca\/?page_id=1510\" \/>\n<meta property=\"og:site_name\" content=\"Fleurs de Lys\" \/>\n<meta property=\"article:modified_time\" content=\"2025-11-06T19:59:12+00:00\" \/>\n<meta property=\"og:image\" content=\"https:\/\/boutiquefleursdelys.ca\/wp-content\/uploads\/2024\/01\/20231125_084036-1024x576.jpg\" \/>\n<meta name=\"twitter:card\" content=\"summary_large_image\" \/>\n<meta name=\"twitter:label1\" content=\"Estimation du temps de lecture\" \/>\n\t<meta name=\"twitter:data1\" content=\"3 minutes\" \/>\n<script type=\"application\/ld+json\" class=\"yoast-schema-graph\">{\"@context\":\"https:\/\/schema.org\",\"@graph\":[{\"@type\":\"WebPage\",\"@id\":\"https:\/\/boutiquefleursdelys.ca\/?page_id=1510\",\"url\":\"https:\/\/boutiquefleursdelys.ca\/?page_id=1510\",\"name\":\"Corbeille - Fleurs de Lys\",\"isPartOf\":{\"@id\":\"https:\/\/boutiquefleursdelys.ca\/#website\"},\"primaryImageOfPage\":{\"@id\":\"https:\/\/boutiquefleursdelys.ca\/?page_id=1510#primaryimage\"},\"image\":{\"@id\":\"https:\/\/boutiquefleursdelys.ca\/?page_id=1510#primaryimage\"},\"thumbnailUrl\":\"https:\/\/boutiquefleursdelys.ca\/wp-content\/uploads\/2024\/01\/20231125_084036-1024x576.jpg\",\"datePublished\":\"2025-11-06T18:58:11+00:00\",\"dateModified\":\"2025-11-06T19:59:12+00:00\",\"breadcrumb\":{\"@id\":\"https:\/\/boutiquefleursdelys.ca\/?page_id=1510#breadcrumb\"},\"inLanguage\":\"fr-CA\",\"potentialAction\":[{\"@type\":\"ReadAction\",\"target\":[\"https:\/\/boutiquefleursdelys.ca\/?page_id=1510\"]}]},{\"@type\":\"ImageObject\",\"inLanguage\":\"fr-CA\",\"@id\":\"https:\/\/boutiquefleursdelys.ca\/?page_id=1510#primaryimage\",\"url\":\"https:\/\/boutiquefleursdelys.ca\/wp-content\/uploads\/2024\/01\/20231125_084036-scaled.jpg\",\"contentUrl\":\"https:\/\/boutiquefleursdelys.ca\/wp-content\/uploads\/2024\/01\/20231125_084036-scaled.jpg\",\"width\":2560,\"height\":1440,\"caption\":\"fleuriste en ligne\"},{\"@type\":\"BreadcrumbList\",\"@id\":\"https:\/\/boutiquefleursdelys.ca\/?page_id=1510#breadcrumb\",\"itemListElement\":[{\"@type\":\"ListItem\",\"position\":1,\"name\":\"Accueil\",\"item\":\"https:\/\/boutiquefleursdelys.ca\/\"},{\"@type\":\"ListItem\",\"position\":2,\"name\":\"Corbeille\"}]},{\"@type\":\"WebSite\",\"@id\":\"https:\/\/boutiquefleursdelys.ca\/#website\",\"url\":\"https:\/\/boutiquefleursdelys.ca\/\",\"name\":\"Fleurs de Lys\",\"description\":\"Votre fleuriste de confiance\",\"potentialAction\":[{\"@type\":\"SearchAction\",\"target\":{\"@type\":\"EntryPoint\",\"urlTemplate\":\"https:\/\/boutiquefleursdelys.ca\/?s={search_term_string}\"},\"query-input\":{\"@type\":\"PropertyValueSpecification\",\"valueRequired\":true,\"valueName\":\"search_term_string\"}}],\"inLanguage\":\"fr-CA\"}]}<\/script>\n<!-- \/ Yoast SEO plugin. -->","yoast_head_json":{"title":"Corbeille - Fleurs de Lys","robots":{"index":"index","follow":"follow","max-snippet":"max-snippet:-1","max-image-preview":"max-image-preview:large","max-video-preview":"max-video-preview:-1"},"canonical":"https:\/\/boutiquefleursdelys.ca\/?page_id=1510","og_locale":"fr_CA","og_type":"article","og_title":"Corbeille - Fleurs de Lys","og_description":"Bouquet 5 200.00 $ Corbeille de fleurs pour fun\u00e9railles compos\u00e9e de callas, roses, dendros. Bouquet 3 165.00 $ Corbeille de fleurs pour fun\u00e9railles compos\u00e9e de lys, callas, roses, hydrang\u00e9e, alstrom\u00e9rias. Bouquet 7 120.00 $ Corbeille de fleurs pour fun\u00e9railles compos\u00e9e de \u0153illets. Bouquet 10 95.00 $ Corbeille de fleurs en vase compos\u00e9e de lys blancs. [&hellip;]","og_url":"https:\/\/boutiquefleursdelys.ca\/?page_id=1510","og_site_name":"Fleurs de Lys","article_modified_time":"2025-11-06T19:59:12+00:00","og_image":[{"url":"https:\/\/boutiquefleursdelys.ca\/wp-content\/uploads\/2024\/01\/20231125_084036-1024x576.jpg","type":"","width":"","height":""}],"twitter_card":"summary_large_image","twitter_misc":{"Estimation du temps de lecture":"3 minutes"},"schema":{"@context":"https:\/\/schema.org","@graph":[{"@type":"WebPage","@id":"https:\/\/boutiquefleursdelys.ca\/?page_id=1510","url":"https:\/\/boutiquefleursdelys.ca\/?page_id=1510","name":"Corbeille - Fleurs de Lys","isPartOf":{"@id":"https:\/\/boutiquefleursdelys.ca\/#website"},"primaryImageOfPage":{"@id":"https:\/\/boutiquefleursdelys.ca\/?page_id=1510#primaryimage"},"image":{"@id":"https:\/\/boutiquefleursdelys.ca\/?page_id=1510#primaryimage"},"thumbnailUrl":"https:\/\/boutiquefleursdelys.ca\/wp-content\/uploads\/2024\/01\/20231125_084036-1024x576.jpg","datePublished":"2025-11-06T18:58:11+00:00","dateModified":"2025-11-06T19:59:12+00:00","breadcrumb":{"@id":"https:\/\/boutiquefleursdelys.ca\/?page_id=1510#breadcrumb"},"inLanguage":"fr-CA","potentialAction":[{"@type":"ReadAction","target":["https:\/\/boutiquefleursdelys.ca\/?page_id=1510"]}]},{"@type":"ImageObject","inLanguage":"fr-CA","@id":"https:\/\/boutiquefleursdelys.ca\/?page_id=1510#primaryimage","url":"https:\/\/boutiquefleursdelys.ca\/wp-content\/uploads\/2024\/01\/20231125_084036-scaled.jpg","contentUrl":"https:\/\/boutiquefleursdelys.ca\/wp-content\/uploads\/2024\/01\/20231125_084036-scaled.jpg","width":2560,"height":1440,"caption":"fleuriste en ligne"},{"@type":"BreadcrumbList","@id":"https:\/\/boutiquefleursdelys.ca\/?page_id=1510#breadcrumb","itemListElement":[{"@type":"ListItem","position":1,"name":"Accueil","item":"https:\/\/boutiquefleursdelys.ca\/"},{"@type":"ListItem","position":2,"name":"Corbeille"}]},{"@type":"WebSite","@id":"https:\/\/boutiquefleursdelys.ca\/#website","url":"https:\/\/boutiquefleursdelys.ca\/","name":"Fleurs de Lys","description":"Votre fleuriste de confiance","potentialAction":[{"@type":"SearchAction","target":{"@type":"EntryPoint","urlTemplate":"https:\/\/boutiquefleursdelys.ca\/?s={search_term_string}"},"query-input":{"@type":"PropertyValueSpecification","valueRequired":true,"valueName":"search_term_string"}}],"inLanguage":"fr-CA"}]}},"_links":{"self":[{"href":"https:\/\/boutiquefleursdelys.ca\/index.php?rest_route=\/wp\/v2\/pages\/1510","targetHints":{"allow":["GET"]}}],"collection":[{"href":"https:\/\/boutiquefleursdelys.ca\/index.php?rest_route=\/wp\/v2\/pages"}],"about":[{"href":"https:\/\/boutiquefleursdelys.ca\/index.php?rest_route=\/wp\/v2\/types\/page"}],"author":[{"embeddable":true,"href":"https:\/\/boutiquefleursdelys.ca\/index.php?rest_route=\/wp\/v2\/users\/990006"}],"replies":[{"embeddable":true,"href":"https:\/\/boutiquefleursdelys.ca\/index.php?rest_route=%2Fwp%2Fv2%2Fcomments&post=1510"}],"version-history":[{"count":4,"href":"https:\/\/boutiquefleursdelys.ca\/index.php?rest_route=\/wp\/v2\/pages\/1510\/revisions"}],"predecessor-version":[{"id":1519,"href":"https:\/\/boutiquefleursdelys.ca\/index.php?rest_route=\/wp\/v2\/pages\/1510\/revisions\/1519"}],"wp:attachment":[{"href":"https:\/\/boutiquefleursdelys.ca\/index.php?rest_route=%2Fwp%2Fv2%2Fmedia&parent=1510"}],"curies":[{"name":"wp","href":"https:\/\/api.w.org\/{rel}","templated":true}]}}