{"id":1543,"date":"2025-11-06T20:26:53","date_gmt":"2025-11-06T20:26:53","guid":{"rendered":"https:\/\/boutiquefleursdelys.ca\/?page_id=1543"},"modified":"2025-11-06T20:26:54","modified_gmt":"2025-11-06T20:26:54","slug":"boutonniere","status":"publish","type":"page","link":"https:\/\/boutiquefleursdelys.ca\/?page_id=1543","title":{"rendered":"Boutonni\u00e8re"},"content":{"rendered":"\n<div class=\"wp-block-columns is-layout-flex wp-container-core-columns-is-layout-9d6595d7 wp-block-columns-is-layout-flex\">\n<div class=\"wp-block-column is-layout-flow wp-block-column-is-layout-flow\">\n<div class=\"wp-block-media-text is-stacked-on-mobile is-vertically-aligned-top\"><figure class=\"wp-block-media-text__media\"><img loading=\"lazy\" decoding=\"async\" width=\"853\" height=\"1024\" src=\"https:\/\/boutiquefleursdelys.ca\/wp-content\/uploads\/2024\/10\/20230528_090209-scaled-e1730125036277-853x1024.jpg\" alt=\"Mariage.\" class=\"wp-image-1213 size-full\" srcset=\"https:\/\/boutiquefleursdelys.ca\/wp-content\/uploads\/2024\/10\/20230528_090209-scaled-e1730125036277-853x1024.jpg 853w, https:\/\/boutiquefleursdelys.ca\/wp-content\/uploads\/2024\/10\/20230528_090209-scaled-e1730125036277-250x300.jpg 250w, https:\/\/boutiquefleursdelys.ca\/wp-content\/uploads\/2024\/10\/20230528_090209-scaled-e1730125036277-768x922.jpg 768w, https:\/\/boutiquefleursdelys.ca\/wp-content\/uploads\/2024\/10\/20230528_090209-scaled-e1730125036277-1280x1536.jpg 1280w, https:\/\/boutiquefleursdelys.ca\/wp-content\/uploads\/2024\/10\/20230528_090209-scaled-e1730125036277-600x720.jpg 600w, https:\/\/boutiquefleursdelys.ca\/wp-content\/uploads\/2024\/10\/20230528_090209-scaled-e1730125036277.jpg 1440w\" sizes=\"auto, (max-width: 853px) 100vw, 853px\" \/><\/figure><div class=\"wp-block-media-text__content\">\n<h2 class=\"wp-block-heading\" style=\"font-size:35px\">Bouquet 32<\/h2>\n\n\n\n<p class=\"has-small-font-size\">15.00 $<\/p>\n\n\n\n<p>Boutonni\u00e8re de fleurs fra\u00eeches compos\u00e9e de marguerites.<\/p>\n<\/div><\/div>\n<\/div>\n\n\n\n<div class=\"wp-block-column is-layout-flow wp-block-column-is-layout-flow\">\n<div class=\"wp-block-media-text is-stacked-on-mobile is-vertically-aligned-top\"><figure class=\"wp-block-media-text__media\"><img loading=\"lazy\" decoding=\"async\" width=\"768\" height=\"1024\" src=\"https:\/\/boutiquefleursdelys.ca\/wp-content\/uploads\/2024\/10\/received_529262049614028-768x1024.jpeg\" alt=\"Mariages\" class=\"wp-image-1221 size-full\" srcset=\"https:\/\/boutiquefleursdelys.ca\/wp-content\/uploads\/2024\/10\/received_529262049614028-768x1024.jpeg 768w, https:\/\/boutiquefleursdelys.ca\/wp-content\/uploads\/2024\/10\/received_529262049614028-225x300.jpeg 225w, https:\/\/boutiquefleursdelys.ca\/wp-content\/uploads\/2024\/10\/received_529262049614028-1152x1536.jpeg 1152w, https:\/\/boutiquefleursdelys.ca\/wp-content\/uploads\/2024\/10\/received_529262049614028-600x800.jpeg 600w, https:\/\/boutiquefleursdelys.ca\/wp-content\/uploads\/2024\/10\/received_529262049614028.jpeg 1512w\" sizes=\"auto, (max-width: 768px) 100vw, 768px\" \/><\/figure><div class=\"wp-block-media-text__content\">\n<h2 class=\"wp-block-heading\" style=\"font-size:35px\">Bouquet 2<\/h2>\n\n\n\n<p class=\"has-small-font-size\">20.00 $<\/p>\n\n\n\n<p>Boutonni\u00e8re compos\u00e9e de marguerites blanches<\/p>\n<\/div><\/div>\n<\/div>\n<\/div>\n","protected":false},"excerpt":{"rendered":"<p>Bouquet 32 15.00 $ Boutonni\u00e8re de fleurs fra\u00eeches compos\u00e9e de marguerites. Bouquet 2 20.00 $ Boutonni\u00e8re compos\u00e9e de marguerites blanches<\/p>\n","protected":false},"author":990006,"featured_media":0,"parent":0,"menu_order":0,"comment_status":"closed","ping_status":"closed","template":"","meta":{"footnotes":""},"class_list":["post-1543","page","type-page","status-publish","hentry"],"yoast_head":"<!-- This site is optimized with the Yoast SEO plugin v26.4 - https:\/\/yoast.com\/wordpress\/plugins\/seo\/ -->\n<title>Boutonni\u00e8re - Fleurs de Lys<\/title>\n<meta name=\"robots\" content=\"index, follow, max-snippet:-1, max-image-preview:large, max-video-preview:-1\" \/>\n<link rel=\"canonical\" href=\"https:\/\/boutiquefleursdelys.ca\/?page_id=1543\" \/>\n<meta property=\"og:locale\" content=\"fr_CA\" \/>\n<meta property=\"og:type\" content=\"article\" \/>\n<meta property=\"og:title\" content=\"Boutonni\u00e8re - Fleurs de Lys\" \/>\n<meta property=\"og:description\" content=\"Bouquet 32 15.00 $ Boutonni\u00e8re de fleurs fra\u00eeches compos\u00e9e de marguerites. Bouquet 2 20.00 $ Boutonni\u00e8re compos\u00e9e de marguerites blanches\" \/>\n<meta property=\"og:url\" content=\"https:\/\/boutiquefleursdelys.ca\/?page_id=1543\" \/>\n<meta property=\"og:site_name\" content=\"Fleurs de Lys\" \/>\n<meta property=\"article:modified_time\" content=\"2025-11-06T20:26:54+00:00\" \/>\n<meta property=\"og:image\" content=\"https:\/\/boutiquefleursdelys.ca\/wp-content\/uploads\/2024\/10\/20230528_090209-scaled-e1730125036277-853x1024.jpg\" \/>\n<meta name=\"twitter:card\" content=\"summary_large_image\" \/>\n<meta name=\"twitter:label1\" content=\"Estimation du temps de lecture\" \/>\n\t<meta name=\"twitter:data1\" content=\"1 minute\" \/>\n<script type=\"application\/ld+json\" class=\"yoast-schema-graph\">{\"@context\":\"https:\/\/schema.org\",\"@graph\":[{\"@type\":\"WebPage\",\"@id\":\"https:\/\/boutiquefleursdelys.ca\/?page_id=1543\",\"url\":\"https:\/\/boutiquefleursdelys.ca\/?page_id=1543\",\"name\":\"Boutonni\u00e8re - Fleurs de Lys\",\"isPartOf\":{\"@id\":\"https:\/\/boutiquefleursdelys.ca\/#website\"},\"primaryImageOfPage\":{\"@id\":\"https:\/\/boutiquefleursdelys.ca\/?page_id=1543#primaryimage\"},\"image\":{\"@id\":\"https:\/\/boutiquefleursdelys.ca\/?page_id=1543#primaryimage\"},\"thumbnailUrl\":\"https:\/\/boutiquefleursdelys.ca\/wp-content\/uploads\/2024\/10\/20230528_090209-scaled-e1730125036277-853x1024.jpg\",\"datePublished\":\"2025-11-06T20:26:53+00:00\",\"dateModified\":\"2025-11-06T20:26:54+00:00\",\"breadcrumb\":{\"@id\":\"https:\/\/boutiquefleursdelys.ca\/?page_id=1543#breadcrumb\"},\"inLanguage\":\"fr-CA\",\"potentialAction\":[{\"@type\":\"ReadAction\",\"target\":[\"https:\/\/boutiquefleursdelys.ca\/?page_id=1543\"]}]},{\"@type\":\"ImageObject\",\"inLanguage\":\"fr-CA\",\"@id\":\"https:\/\/boutiquefleursdelys.ca\/?page_id=1543#primaryimage\",\"url\":\"https:\/\/boutiquefleursdelys.ca\/wp-content\/uploads\/2024\/10\/20230528_090209-scaled-e1730125036277.jpg\",\"contentUrl\":\"https:\/\/boutiquefleursdelys.ca\/wp-content\/uploads\/2024\/10\/20230528_090209-scaled-e1730125036277.jpg\",\"width\":1440,\"height\":1728,\"caption\":\"Boutonni\u00e8re\"},{\"@type\":\"BreadcrumbList\",\"@id\":\"https:\/\/boutiquefleursdelys.ca\/?page_id=1543#breadcrumb\",\"itemListElement\":[{\"@type\":\"ListItem\",\"position\":1,\"name\":\"Accueil\",\"item\":\"https:\/\/boutiquefleursdelys.ca\/\"},{\"@type\":\"ListItem\",\"position\":2,\"name\":\"Boutonni\u00e8re\"}]},{\"@type\":\"WebSite\",\"@id\":\"https:\/\/boutiquefleursdelys.ca\/#website\",\"url\":\"https:\/\/boutiquefleursdelys.ca\/\",\"name\":\"Fleurs de Lys\",\"description\":\"Votre fleuriste de confiance\",\"potentialAction\":[{\"@type\":\"SearchAction\",\"target\":{\"@type\":\"EntryPoint\",\"urlTemplate\":\"https:\/\/boutiquefleursdelys.ca\/?s={search_term_string}\"},\"query-input\":{\"@type\":\"PropertyValueSpecification\",\"valueRequired\":true,\"valueName\":\"search_term_string\"}}],\"inLanguage\":\"fr-CA\"}]}<\/script>\n<!-- \/ Yoast SEO plugin. -->","yoast_head_json":{"title":"Boutonni\u00e8re - Fleurs de Lys","robots":{"index":"index","follow":"follow","max-snippet":"max-snippet:-1","max-image-preview":"max-image-preview:large","max-video-preview":"max-video-preview:-1"},"canonical":"https:\/\/boutiquefleursdelys.ca\/?page_id=1543","og_locale":"fr_CA","og_type":"article","og_title":"Boutonni\u00e8re - Fleurs de Lys","og_description":"Bouquet 32 15.00 $ Boutonni\u00e8re de fleurs fra\u00eeches compos\u00e9e de marguerites. Bouquet 2 20.00 $ Boutonni\u00e8re compos\u00e9e de marguerites blanches","og_url":"https:\/\/boutiquefleursdelys.ca\/?page_id=1543","og_site_name":"Fleurs de Lys","article_modified_time":"2025-11-06T20:26:54+00:00","og_image":[{"url":"https:\/\/boutiquefleursdelys.ca\/wp-content\/uploads\/2024\/10\/20230528_090209-scaled-e1730125036277-853x1024.jpg","type":"","width":"","height":""}],"twitter_card":"summary_large_image","twitter_misc":{"Estimation du temps de lecture":"1 minute"},"schema":{"@context":"https:\/\/schema.org","@graph":[{"@type":"WebPage","@id":"https:\/\/boutiquefleursdelys.ca\/?page_id=1543","url":"https:\/\/boutiquefleursdelys.ca\/?page_id=1543","name":"Boutonni\u00e8re - Fleurs de Lys","isPartOf":{"@id":"https:\/\/boutiquefleursdelys.ca\/#website"},"primaryImageOfPage":{"@id":"https:\/\/boutiquefleursdelys.ca\/?page_id=1543#primaryimage"},"image":{"@id":"https:\/\/boutiquefleursdelys.ca\/?page_id=1543#primaryimage"},"thumbnailUrl":"https:\/\/boutiquefleursdelys.ca\/wp-content\/uploads\/2024\/10\/20230528_090209-scaled-e1730125036277-853x1024.jpg","datePublished":"2025-11-06T20:26:53+00:00","dateModified":"2025-11-06T20:26:54+00:00","breadcrumb":{"@id":"https:\/\/boutiquefleursdelys.ca\/?page_id=1543#breadcrumb"},"inLanguage":"fr-CA","potentialAction":[{"@type":"ReadAction","target":["https:\/\/boutiquefleursdelys.ca\/?page_id=1543"]}]},{"@type":"ImageObject","inLanguage":"fr-CA","@id":"https:\/\/boutiquefleursdelys.ca\/?page_id=1543#primaryimage","url":"https:\/\/boutiquefleursdelys.ca\/wp-content\/uploads\/2024\/10\/20230528_090209-scaled-e1730125036277.jpg","contentUrl":"https:\/\/boutiquefleursdelys.ca\/wp-content\/uploads\/2024\/10\/20230528_090209-scaled-e1730125036277.jpg","width":1440,"height":1728,"caption":"Boutonni\u00e8re"},{"@type":"BreadcrumbList","@id":"https:\/\/boutiquefleursdelys.ca\/?page_id=1543#breadcrumb","itemListElement":[{"@type":"ListItem","position":1,"name":"Accueil","item":"https:\/\/boutiquefleursdelys.ca\/"},{"@type":"ListItem","position":2,"name":"Boutonni\u00e8re"}]},{"@type":"WebSite","@id":"https:\/\/boutiquefleursdelys.ca\/#website","url":"https:\/\/boutiquefleursdelys.ca\/","name":"Fleurs de Lys","description":"Votre fleuriste de confiance","potentialAction":[{"@type":"SearchAction","target":{"@type":"EntryPoint","urlTemplate":"https:\/\/boutiquefleursdelys.ca\/?s={search_term_string}"},"query-input":{"@type":"PropertyValueSpecification","valueRequired":true,"valueName":"search_term_string"}}],"inLanguage":"fr-CA"}]}},"_links":{"self":[{"href":"https:\/\/boutiquefleursdelys.ca\/index.php?rest_route=\/wp\/v2\/pages\/1543","targetHints":{"allow":["GET"]}}],"collection":[{"href":"https:\/\/boutiquefleursdelys.ca\/index.php?rest_route=\/wp\/v2\/pages"}],"about":[{"href":"https:\/\/boutiquefleursdelys.ca\/index.php?rest_route=\/wp\/v2\/types\/page"}],"author":[{"embeddable":true,"href":"https:\/\/boutiquefleursdelys.ca\/index.php?rest_route=\/wp\/v2\/users\/990006"}],"replies":[{"embeddable":true,"href":"https:\/\/boutiquefleursdelys.ca\/index.php?rest_route=%2Fwp%2Fv2%2Fcomments&post=1543"}],"version-history":[{"count":1,"href":"https:\/\/boutiquefleursdelys.ca\/index.php?rest_route=\/wp\/v2\/pages\/1543\/revisions"}],"predecessor-version":[{"id":1544,"href":"https:\/\/boutiquefleursdelys.ca\/index.php?rest_route=\/wp\/v2\/pages\/1543\/revisions\/1544"}],"wp:attachment":[{"href":"https:\/\/boutiquefleursdelys.ca\/index.php?rest_route=%2Fwp%2Fv2%2Fmedia&parent=1543"}],"curies":[{"name":"wp","href":"https:\/\/api.w.org\/{rel}","templated":true}]}}